of (39/(-1) - 1)/(-1).
2, 5
Suppose 0 = 2*x - a - 62, 2 = a - 2. List the prime factors of x.
3, 11
Suppose 4*x + 2*k + 20 = 0, 0*x + 2*x = -4*k - 10. Let w(c) = c**3 + 7*c**2 + 4*c - 7. Let i be w(x). Let b = i - 12. What are the prime factors of b?
11
List the prime factors of ((-65)/(-10))/(2/4).
13
Suppose -3*y = -5*l - 46, 3*y + 20 = -0*l - l. Let z = -6 - l. List the prime factors of z.
5
Let i(r) = r**2 - 4*r + 3. Let y be i(4). Suppose y*l - 64 = -l. What are the prime factors of l?
2
Let r(w) = -w + 2. Let p be r(3). Let i(y) = -y**3 - 7*y**2 - 6*y + 6. Let g be i(-6). Let b = p + g. List the prime factors of b.
5
Let l(m) be the second derivative of m**5/20 + m**4/3 - 5*m**3/6 + m**2 - 3*m. List the prime factors of l(-5).
2
Let a = 2 + -19. Suppose -22 = -3*j + 50. Let t = a + j. List the prime factors of t.
7
Let d be 18/(-14) - (-2)/7. Let l be d/((2/2)/(-10)). What are the prime factors of (-12)/(-10)*l/4?
3
Suppose -3*s - 2*s + 3*f + 15 = 0, f + 5 = 3*s. Suppose -2*k + 6*k + 3*x = 45, s = 2*k - 5*x - 55. List the prime factors of k.
3, 5
Let q = 122 - 70. List the prime factors of q.
2, 13
Let z be (-54)/(-10) + 2/(-5). Suppose 2*w = z*w - 84. List the prime factors of w.
2, 7
Let c be 10/((-1)/(6 - 4)). Let v = 19 - c. List the prime factors of v.
3, 13
Let a = -33 - -69. List the prime factors of a.
2, 3
Let h(j) = 2*j**2 + 7 - j**2 + 2. Let w = 14 + -14. What are the prime factors of h(w)?
3
Suppose -5*g + g - p + 14 = 0, -5*p = -4*g + 2. Suppose -g*y + 27 = 5*m + y, 2*m - 2*y = 0. What are the prime factors of ((-51)/(-9))/(1/m)?
17
Let l(m) = 3*m**2 - 3*m + 3. List the prime factors of l(1).
3
Let j = 13 - 12. Let v = 37 + -23. Let d = v - j. List the prime factors of d.
13
Suppose 4*w + 72 = -n + 225, -3*w = -2*n - 112. What are the prime factors of w?
2, 19
Suppose -2*v = 3*v + 2*f - 52, -3*f = -3. Let p = 28 + v. List the prime factors of p.
2, 19
Let d(j) = 5*j - 12. Suppose -5*p = -i + 20, p + 0*p - 7 = -2*i. What are the prime factors of d(i)?
13
Suppose 0 = -3*s - 4*p + 115, 0 = s - 0*p - 2*p - 35. List the prime factors of s.
37
Suppose 4*m + 22 = r - 12, 2*m - 40 = -r. List the prime factors of r.
2, 19
Suppose 0*w - 20 = 5*w. List the prime factors of (w - -3 - -2)*9.
3
Let v(h) = -h**3 - 9*h**2 + 9*h - 2. Let o = -20 - -10. Let i be v(o). Suppose -8 = -4*k + i. What are the prime factors of k?
2
Let k = 9 - 5. Let v(j) = j**3 - 4*j**2 + 4. Let x be v(k). Suppose -2*r + x = -8. List the prime factors of r.
2, 3
Let x(c) = c**3 + 7*c**2 + 3*c - 7. Suppose -7 = -4*k - g - 26, 0 = k + 3*g - 9. List the prime factors of x(k).
11
Let i(q) = q**3 - 3*q**2 - 6*q + 6. Let g be i(4). What are the prime factors of 1/((-1)/g) - -15?
17
Let w(o) = -6*o - 3. What are the prime factors of w(-9)?
3, 17
List the prime factors of 57 + ((-6)/1)/2.
2, 3
Let h(d) = -d + 15. Let z be h(8). Let y(c) = c**2 - 6*c - 3. List the prime factors of y(z).
2
Let q be 3/(-1)*2/(-3). Suppose -2 - q = -n. What are the prime factors of n?
2
Let i(v) = v**2 - v - 4. Let b be i(-5). Let w = b + -15. List the prime factors of w.
11
Suppose 5*w + 4 = -1, 2*o + 4*w = 44. What are the prime factors of o?
2, 3
Let p(c) = c**3 - 10*c**2 - 10*c - 4. Suppose -q + 11 = -0*q. List the prime factors of p(q).
7
Suppose g + 6 = 4*g. Suppose -4 = -3*f + g. What are the prime factors of 4/((-4)/(-3)) + f?
5
Let k(h) = -h**2 + 11*h - 1. Suppose -d + 3*j + 23 = 0, -j + 0*j = -2*d + 51. Let g = d - 16. List the prime factors of k(g).
3
Let q(v) = 25*v**3 - v**2 + 2*v - 1. Let j be q(1). Let b = -17 - -24. Suppose -b*w + 2*w = -j. List the prime factors of w.
5
Suppose -39 + 7 = -l. Let x = -18 - 2. Let b = l + x. What are the prime factors of b?
2, 3
Let v(w) = 11*w - 8. What are the prime factors of v(4)?
2, 3
Let y(n) = -n**3 - 2*n**2 + 14*n + 12. What are the prime factors of y(-7)?
3, 53
Suppose 0 = -g - 3, -g = -t - t + 3. What are the prime factors of (t + 10)*(-1)/(-2)?
5
Let z(t) = 80*t**2 + t - 1. List the prime factors of z(1).
2, 5
List the prime factors of 81 + 0 + 1 - (6 - 3).
79
Let i = 74 + -63. What are the prime factors of i?
11
Let g(f) = f**2 + 10*f + 3. Let t be g(-10). Suppose 10 + 4 = 2*b + t*o, -4*o = -b + 18. What are the prime factors of b?
2, 5
Let q(d) = -d**2 + 4*d + 1. Let h be q(7). List the prime factors of h/(3*4/(-6)).
2, 5
What are the prime factors of 2 + 0 + 2 + 6?
2, 5
Suppose -3*m + 9 + 0 = 0. Suppose -4*o - o = 5*z - 70, 0 = -m*z + 15. Suppose o = 3*g - 9. What are the prime factors of g?
2, 3
Let x(u) = -4 + 2 + u + 23*u. Let d be x(2). What are the prime factors of 2/(-6) - d/(-3)?
3, 5
Suppose -68 = -3*m - 3*g + 4, -3*m = -3*g - 48. Let u = 39 - m. List the prime factors of u.
19
Let q(d) = d**2 + d. Let p be q(-1). Suppose -4*g + 26 - 6 = p. List the prime factors of g.
5
Let p = 2 + 2. Suppose -2 = -2*t + p. List the prime factors of t.
3
Let z = 11 - 6. Suppose 0 = -5*t - 5*j + 159 + 11, z*t = -4*j + 169. What are the prime factors of t?
3, 11
Let n(w) = w**2 - 2*w - 2. Let d(j) = -4*j**2 + 5*j + 6. Let v(g) = -2*d(g) - 7*n(g). List the prime factors of v(-6).
2, 7
Let s be (2 - (2 - 0))/2. Let k be (-5 - s)*72/30. Let p = k - -27. What are the prime factors of p?
3, 5
Suppose 3*z - 4*c + 10 = 0, -z + 2*z + 5*c - 3 = 0. Let d(y) be the first derivative of 2*y**3/3 + y + 16. List the prime factors of d(z).
3
Let x(d) = 3*d + 26. List the prime factors of x(-6).
2
List the prime factors of 0 + 4/14 + 978/7.
2, 5, 7
Suppose -5*q + 2*g = -660, g = -q + 46 + 93. What are the prime factors of q?
2, 67
Let r = 43 - 24. Let s = 13 - r. What are the prime factors of 6 - s/3 - -1?
3
Let h(u) = u + 42. What are the prime factors of h(19)?
61
Suppose 0 = -4*t + 3*t - 5. Let x = 8 + t. What are the prime factors of x?
3
Let y(g) = -g**2 - 3*g + 3. Let p be y(-4). What are the prime factors of ((-2)/4)/(p/42)?
3, 7
Let q be 91/5 - (-1)/(-5). Suppose 5*x - 2*x - 4 = 4*d, 0 = 4*x + d - q. Suppose 5*y + p - 14 = 1, -3*y - x*p + 9 = 0. List the prime factors of y.
3
Let c(a) = -a + 10. Let v(h) be the first derivative of h**2/2 + 12*h - 1. Let i be v(-5). What are the prime factors of c(i)?
3
Let r be (2 - -3*13) + 1. Let n = r + -28. Let b = -2 + n. List the prime factors of b.
2, 3
Let w = -21 + 33. Let y(d) = 0*d - d + w - 2. What are the prime factors of y(8)?
2
Suppose 0 = 3*f - 43 - 515. List the prime factors of f.
2, 3, 31
List the prime factors of 7/28*4*43.
43
Let r be (-8)/(-6) - 2/6. Let h = 2 + r. Suppose -h*v = -5*v + 20. What are the prime factors of v?
2, 5
Suppose 4*v = -3*x + 98, 2*v - 5*x = 33 + 3. List the prime factors of v.
23
Let t = 54 - -12. List the prime factors of t.
2, 3, 11
Let x be (23/2)/((-2)/(-8)). Suppose -3*o = 4*v - x, 3*o - 5*v - 31 = 6. List the prime factors of o.
2, 7
Let k = -8 - 0. Let h = 11 + k. List the prime factors of h.
3
Suppose 309 = 2*v - 79. What are the prime factors of v?
2, 97
Let b(g) = -g + 1 + 8 - 1. Let k be b(-6). Suppose -3*h + 2*m + k = -43, 0 = -2*h + m + 37. What are the prime factors of h?
17
Let n be 6/10 - 220/(-50). Suppose z + n*f - 28 = 0, 2*z - 156 = -2*z + 2*f. What are the prime factors of z?
2, 19
Let g be (6/(-5))/((-6)/20). Let b = g + -1. What are the prime factors of b?
3
Suppose w = 42 + 2. What are the prime factors of w?
2, 11
Suppose 4*k - q - 135 = -36, 4*q = 2*k - 46. Let s = k - -25. What are the prime factors of s?
2, 5
Suppose 3*y = 3 + 6. Suppose -g = -y*g + 86. List the prime factors of g.
43
Suppose -5*g - 28 = -6*g. What are the prime factors of g?
2, 7
Suppose 0 = i - 5*i + 108. List the prime factors of i.
3
Suppose 10 = 3*x - 17. What are the prime factors of x?
3
Let o be 3 - (-4)/(-2)*-1. Suppose 4*m + 0*l - 52 = 2*l, -20 = o*l. What are the prime factors of m?
11
Let q = 29 + -25. What are the prime factors of q?
2
Suppose 6 = 6*g - 108. List the prime factors of g.
19
Let n = 47 + -28. Suppose 0*w = -w + n. Let h = -8 + w. List the prime factors of h.
11
Suppose 0*a - 4*a + 3*q + 559 = 0, -3*q = 2*a - 293. List the prime factors of a.
2, 71
Let b(x) = 3*x**2 + 2*x - 5. List the prime factors of b(2).
11
Let o = 57 + 5. What are the prime factors of o?
2, 31
Let p(g) = 12*g**2 + 2*g + 4. List the prime factors of p(-3).
2, 53
Let b be -2 -